191. Let j = 206 - h. Let n(t) = t - 21. Give n(j).
-6
Let s(o) = -32*o - 255*o - 149*o + 1 + 58*o. Let p be s(-1). Let n(d) = -5 - 1 - p*d + 381*d. Determine n(4).
2
Suppose -3 - 13 = -2*q. Let c(v) = 44*v - 19288 + 19287 - 42*v. Calculate c(q).
15
Let z(k) be the third derivative of 17 + 1/120*k**6 + 0*k + 3*k**2 + 1/20*k**5 + 1/2*k**3 + 1/24*k**4. Let i = 7 - 10. Calculate z(i).
0
Let d(m) = 3*m**2 + 5*m + 4. Let l be d(-2). Let v(i) = -1 - 6 - 10770*i + 10759*i + i**3 - 4*i**2. What is v(l)?
-1
Let i be (-9 - -2)*4*67/(-268). Suppose 320*n = 319*n - i. Let a(b) = b**3 + 6*b**2 - 5*b + 9. What is a(n)?
-5
Let p(t) = 524*t - 191*t - 75 - 196*t - 177*t. Let z(s) = -2*s - 3. Let n(b) = p(b) - 25*z(b). Let a be 10/(-14) + 2/(-7). Determine n(a).
-10
Let a(i) = i**2 + 12*i + 19. Let c be a(-10). Let s(y) = 9*y**2 - 2. Let r be s(c). Let j(f) = 3*f**2 + r*f**2 - f**2 - 2*f + f. Determine j(1).
8
Let c(q) = q**2 - 9*q + 18. Let j be c(4). Let n be (-7)/(21/12) + j. Let z(d) = -d**2 - 7*d - 3. Give z(n).
3
Let b(j) = j**3 + 2*j**2 - 6*j - 3. Let f = 33 + -28. Let d be 3/f + 6/15. Let k be (-1)/d + 2*(-6)/4. Calculate b(k).
-11
Let a(i) = 3*i**2 + 49*i - 329. Let r(o) = -o**2 - 16*o + 117. Let b(k) = 2*a(k) + 7*r(k). Determine b(7).
14
Let z(q) be the third derivative of -q**6/120 + q**5/20 + q**4/8 - q**3/6 + 5*q**2. Suppose 6*s - 7*s + 5*x = -3, -4*x = 5*s - 15. Give z(s).
8
Let i = -41 + 43. Let s(o) = 6*o - 6 - 4*o**2 - o + i*o - 3*o**2 - o**3. Suppose 0 = -5*m - 3*m - 64. Determine s(m).
2
Let d(f) = 3*f - 20. Let n be (-2 + 1)/((-57)/(-228)). Determine d(n).
-32
Let l(a) = -2*a - 9. Suppose 0 = -7*w + 4*w + 33. Suppose 2*i + 5*x = 2, -x + 2*x + 32 = 5*i. Suppose -i*o - 25 = w. What is l(o)?
3
Let f(a) = -a**2 - 10*a - 16. Let g be f(-8). Suppose t + t - q = 8, -4*q = g. Suppose -3*d - 2 = t. Let y(n) = n**3 + n**2 + 2*n + 1. Determine y(d).
-7
Let r(b) = 5*b + 4*b - 12*b + 1 + 0*b + 4*b. Suppose -4*m + 2 = -18. Let g = m + -11. Calculate r(g).
-5
Suppose -2 = -2*x + 24. Suppose -140 = -x*v + 17*v. Let u be ((-126)/v)/((-4)/(-10)). Let t(a) = a**3 - 8*a**2 - 9*a - 3. Determine t(u).
-3
Let t be -131 - (180/140 + 2/(-7)). Let a = -128 - t. Let l(r) = -4 + 8*r**2 + r**3 - 6*r**2 - 6*r**2. Determine l(a).
-4
Let j(l) be the second derivative of l**4/12 + 9*l**3/2 - 14*l**2 + 54*l + 50. Determine j(1).
0
Let p(h) = 7*h**3 - 15*h**2 - 6*h - 9. Let x(m) = m + m + 7*m**2 - 2*m - 3*m**3 + 4 + 3*m. Let n(j) = 4*p(j) + 9*x(j). Give n(-2).
-2
Let h = -430 + 435. Let u(r) be the third derivative of -r**2 - 7/24*r**4 + 1/10*r**5 + 0*r + 1/3*r**3 - 1/120*r**6 + 0. Determine u(h).
-8
Let y(a) be the third derivative of -1/6*a**3 - 4*a**2 + 0*a**5 + 0 + 0*a + 1/20*a**6 - 1/24*a**4. Suppose 13*x + 3116 = 3103. What is y(x)?
-6
Let q(h) = h**2 - 46*h + 276. Let a be q(7). Let j(d) = -d - 13. What is j(a)?
-16
Let f = 72 - 61. Let l(d) = -f*d - 6*d + 1 + 30*d - 14*d. What is l(4)?
-3
Let s(f) = -f**3 - 3*f**2 + 3*f - 4. Let k be 31/155 - (-152)/(-10). Let q be 2/(-10) + (-48)/k + -1. Suppose -4*o - 3 = -p + 5, 14 = -2*o - q*p. Give s(o).
-13
Let w(z) = -7*z**3 - 7*z**2 - 6*z - 10. Let x(v) = 6*v**3 + 7*v**2 + 5*v + 9. Let t be 6 - 6 - (-7 - -1). Let o(g) = t*x(g) + 5*w(g). Give o(-7).
4
Let x(o) = 5*o**2 - 44*o - 114. Let k be x(11). Let q(p) = p**2 - 8*p - 6. Calculate q(k).
-13
Let i(f) = -f**3 - 7*f**2 - 10*f - 16. Suppose 79*m - 14 = -93*m + 174*m. Determine i(m).
54
Let y(g) = g**3 - 4*g**2 - 20*g - 4. Let f be y(7). Let b(x) = 194*x**f - 193*x**3 - 3*x**2 - 4*x + x + 1 - 2*x. Calculate b(4).
-3
Let p = 108403 + -108407. Let d(k) = 3*k**2 + 8 + 4*k - 7*k**2 - k**3 - 2*k. Determine d(p).
0
Let k(i) = i + 5. Suppose -14*f = -13*f + 131. Let t = f - -119. What is k(t)?
-7
Let g(j) = -j**3 - 10*j**2 + 14*j + 24. Let q be g(-10). Let n = -104 - q. Let u(p) = -p - n - 7*p**2 - 16 + 27. Determine u(-1).
-7
Suppose 0 = 4*i + 8 + 20. Let o(n) = 1. Suppose q - 4*v - 8 = 0, -4*v + 2 + 2 = -4*q. Let m(u) = -u**2 - 3*u + 14. Let w(p) = q*o(p) + m(p). What is w(i)?
-18
Let i(u) = 7*u**2 - 28*u + 5. Let j be (-5180)/(-1260) - (-1 - 1)/(-18). Give i(j).
5
Let z(o) = o**2 + o - 8. Suppose -4*p = -27 - 13. Let h(y) = y**3 - 10*y**2 + 2*y - 15. Let c be h(p). Suppose 3 = -c*l + 3. What is z(l)?
-8
Let j(a) = 8*a**2 - 4*a + 2. Suppose -2*f - 28 = y - 10, 5*y - 4*f - 22 = 0. Calculate j(y).
42
Let m(j) = 2*j**2 + 11*j + 7. Let w be 75/(-90) + (-310)/(-4)*4/(-60). What is m(w)?
13
Suppose -126*p + 11*p + 282 = -68*p. Let y(g) = 6*g + 15. Determine y(p).
51
Let n(s) = 52*s**2 + 0*s + 8*s + 50*s**2 + 3 + 4 - 103*s**2. Determine n(7).
14
Let d(c) = -9*c - 2. Let j(q) = q**3 + 5*q - 3. Let f be j(3). Suppose -f*z + 43*z = -8. Determine d(z).
16
Let f be (3/(3/(-2)))/((-5)/50). Let r(h) = 20*h**2 + f*h**2 - 1 - 5*h - 39*h**2. Give r(5).
-1
Let a = 9 - 5. Suppose 61*h + 42 = 68*h. Let u(n) = 8*n**3 + 11*n**2 - 9*n - 5. Let o(i) = 7*i**3 + 9*i**2 - 8*i - 5. Let j(b) = h*u(b) - 7*o(b). Give j(a).
-3
Let n(s) be the first derivative of -s**3/3 - 3*s**2/2 + 3*s + 84. Let h be ((-3)/(-2))/((-30)/(-40)). Calculate n(h).
-7
Let l = 587 - 584. Let b(a) be the third derivative of 1/24*a**4 + 0*a + 0*a**l + 0 + 18*a**2. Calculate b(-4).
-4
Let j(p) = -2*p**3 + 24*p**2 + p - 29*p**2 + 3*p. Let c(b) = 39*b - 82. Let a be c(2). What is j(a)?
32
Let o(l) be the second derivative of -l**4/12 - l**3 + l**2 + 46*l - 12. Determine o(-12).
-70
Let x(l) be the first derivative of l**4/4 + l**3/3 - 25*l**2/2 - 13*l + 2795. What is x(-5)?
12
Let r be -6 + 1 - (-18 - -9). Let h = 37 - 35. Suppose h*n + c = 6*c + 6, r*c = 5*n - 15. Let q(f) = -f**2 + f + 3. Determine q(n).
-3
Suppose 3*j + 2*g - 7 = 0, -j - 3*g = -4*g - 4. Suppose -j*b - 4 = -b - 5*v, 0 = -2*b + 2*v + 8. Let o = 10 - b. Let s(d) = -2*d + 1. Determine s(o).
-3
Let x(u) = -u**3 + 19*u**2 - 47*u - 4. Suppose 175*k + 961 - 975 = 2786. Give x(k).
12
Let u(h) = -7 - 16*h - 4 + 4*h + 9 - 1. Calculate u(3).
-39
Let c(f) = -f**2 + 6*f + 9. Let b(x) = x + 6. Let w be b(-2). Suppose 0 = -3*j - w*j + 49. Let o be c(j). Let m(l) = 7*l - 3. Give m(o).
11
Let a(b) = 15*b - 15. Let v(j) = -12*j + 14. Let r(g) = 5*a(g) + 6*v(g). Suppose 0 = -3*q, 12 = -2*h + 2*q + q. Give r(h).
-9
Let c(t) = -t**3 - 7*t**2 + 18*t + 5. Let s be c(-9). Let k = 6 - 4. Let o(q) = 2 - 7 + 3*q**k - 2 - 2*q - 2*q**2. Give o(s).
8
Suppose 5*n - 13*u = -8*u + 2155, -4*u = -16. Let w = n - 437. Let r(b) = -2*b**3 - 2*b**2 + 2*b + 2. Determine r(w).
6
Let y(u) = -8*u**2 - 71*u - 4. Let c(i) = 3*i**2 + 20*i + 1. Let p(r) = -2*c(r) - y(r). Give p(-15).
-13
Let y(k) = -k + 1173 - 2352 - k**3 - 2*k**2 + 5*k**2 + 0*k**2 + 1175. What is y(3)?
-7
Let c(n) = 26*n - 9*n - 14*n**2 + 5*n**3 - 15*n - 22 - 4*n**3. Calculate c(14).
6
Let a be 2/(2/3*27/1008). Let y be (-66)/(-15) + (a/20 - 5). Let i(x) = -x**2 + 8*x - 3. Calculate i(y).
12
Let w(m) = -2*m**3 - 2*m**2 + m - 2. Let b = 76 - 69. Let g(d) = -2*d**2 + 14*d - 2. Let y be g(b). Calculate w(y).
4
Let n(r) = -35*r - 450 - 25*r + 95*r - 33*r + 449. Let q be 12/(-5) - (-6)/15. Give n(q).
-5
Let x(b) be the first derivative of 2*b**2 + 36*b - 1816. Calculate x(-6).
12
Let o(l) = 2*l + 12. Let x(y) = 4*y - 9. Let k(u) = 11*u - 17. Let g(d) = -2*k(d) + 5*x(d). Let n(c) = 5*g(c) + 4*o(c). What is n(5)?
-17
Let b(c) = -31*c**3 + 16*c**3 + 17*c**3 + 12*c - 12 + 15*c - 45*c**2 - 100. Determine b(22).
-2
Let s(i) be the second derivative of -7 - 5*i + 5/2*i**2 + 1/6*i**3. Calculate s(0).
5
Let d = -5 + 8. Suppose 1 = 4*t + d*c, 4*c - 1 = t - 6. Let g = 6 - t. Let u(x) = x**2 - 4*x - 3. Give u(g).
2
Let l(a) = a**3 + 8*a**2 + 7*a + 5. Let g(p) = -229*p - 692. Let b be g(-3). Determine l(b).
45
Let b = -3666 - -3669. Let m(l) be the third derivative of 0*l + 11*l**2 - 2/3*l**b + 0 + 1/24*l**4. Determine m(7).
3
Suppose 5*i = 3*v - 82, -16*v = -12*v - 2*i - 100. Suppose -3*w - v + 24 = 0. Let s(n) = 3*n + 5. Give s(w).
5
Let g(x) be the third derivative of 2*x**4/3 + 26*x**3/3 + 2*x**2 - 6. Let f(w) = -3*w - 10. Let v(z) = 11*f(z) + 2*g(z). Calculate v(-9).
3
Let z(s) = -s - 11. Suppose 16 = -i + 29. Let d(a) = -7*a + 83. Let m be d(i). Calculate z(m).
-3
Suppose 175 + 116 = -97*j. Let v(c) = -c - 7. Let d be v(-8). Let k(a) = 0 - d - 4*a + 10*a. Cal